llions digit of 1079655?
1
What is the ten millions digit of 11482966?
1
What is the ten thousands digit of 519506?
1
What is the hundred thousands digit of 5321568?
3
What is the thousands digit of 8928159?
8
What is the hundreds digit of 30449263?
2
What is the hundred thousands digit of 374362?
3
What is the hundred thousands digit of 347356?
3
What is the ten thousands digit of 356741?
5
What is the millions digit of 2094623?
2
What is the hundreds digit of 106054?
0
What is the thousands digit of 477017?
7
What is the hundreds digit of 8545436?
4
What is the millions digit of 1517954?
1
What is the thousands digit of 17152001?
2
What is the hundred thousands digit of 22865498?
8
What is the hundred thousands digit of 3833950?
8
What is the hundred thousands digit of 1967405?
9
What is the hundred thousands digit of 309279?
3
What is the ten thousands digit of 1994404?
9
What is the hundred thousands digit of 4980891?
9
What is the units digit of 211390?
0
What is the hundred thousands digit of 5664887?
6
What is the tens digit of 2518139?
3
What is the hundreds digit of 1117786?
7
What is the tens digit of 99034?
3
What is the ten thousands digit of 349669?
4
What is the millions digit of 7681382?
7
What is the thousands digit of 9832166?
2
What is the hundred thousands digit of 331073?
3
What is the tens digit of 8850486?
8
What is the hundreds digit of 2180879?
8
What is the hundreds digit of 310475?
4
What is the hundred thousands digit of 271219?
2
What is the hundreds digit of 451074?
0
What is the hundreds digit of 474503?
5
What is the hundred thousands digit of 399309?
3
What is the units digit of 303740?
0
What is the tens digit of 25201632?
3
What is the hundred thousands digit of 277841?
2
What is the hundred thousands digit of 20571274?
5
What is the ten thousands digit of 5184559?
8
What is the hundred thousands digit of 10491392?
4
What is the hundred thousands digit of 349819?
3
What is the units digit of 8346?
6
What is the tens digit of 3756558?
5
What is the ten thousands digit of 7955715?
5
What is the tens digit of 14274600?
0
What is the hundreds digit of 354556?
5
What is the hundreds digit of 591441?
4
What is the ten thousands digit of 5851658?
5
What is the ten thousands digit of 621476?
2
What is the units digit of 1612447?
7
What is the thousands digit of 71398?
1
What is the units digit of 660380?
0
What is the thousands digit of 1285275?
5
What is the ten thousands digit of 3462136?
6
What is the ten thousands digit of 34676?
3
What is the hundreds digit of 911111?
1
What is the millions digit of 5207314?
5
What is the ten thousands digit of 718168?
1
What is the millions digit of 2480406?
2
What is the tens digit of 2256355?
5
What is the tens digit of 260804?
0
What is the ten thousands digit of 278952?
7
What is the tens digit of 203533?
3
What is the units digit of 4887673?
3
What is the ten thousands digit of 8774202?
7
What is the tens digit of 9778466?
6
What is the ten thousands digit of 2738304?
3
What is the hundred thousands digit of 22531776?
5
What is the units digit of 8117685?
5
What is the millions digit of 19948731?
9
What is the units digit of 686836?
6
What is the thousands digit of 3618049?
8
What is the tens digit of 379349?
4
What is the hundred thousands digit of 1619056?
6
What is the hundreds digit of 1934916?
9
What is the tens digit of 6717906?
0
What is the thousands digit of 664077?
4
What is the thousands digit of 1114013?
4
What is the tens digit of 48049?
4
What is the units digit of 161278?
8
What is the units digit of 306385?
5
What is the tens digit of 3779329?
2
What is the tens digit of 343827?
2
What is the hundreds digit of 7093695?
6
What is the units digit of 34517657?
7
What is the ten thousands digit of 130762?
3
What is the ten thousands digit of 1264004?
6
What is the ten thousands digit of 886262?
8
What is the hundreds digit of 472523?
5
What is the tens digit of 2011554?
5
What is the thousands digit of 664293?
4
What is the units digit of 862723?
3
What is the hundreds digit of 71193?
1
What is the tens digit of 895780?
8
What is the ten thousands digit of 29227520?
2
What is the ten thousands digit of 43818?
4
What is the tens digit of 662265?
6
What is the hundreds digit of 890388?
3
What is the tens digit of 16070455?
5
What is the thousands digit of 1021579?
1
What is the hundreds digit of 1965880?
8
What is the ten thousands digit of 695813?
9
What is the ten thousands digit of 2103594?
0
What is the hundreds digit of 4403334?
3
What is the thousands digit of 591275?
1
What is the hundreds digit of 8151758?
7
What is the tens digit of 298056?
5
What is the hundreds digit of 1595635?
6
What is the units digit of 380198?
8
What is the millions digit of 3852464?
3
What is the millions digit of 8117681?
8
What is the thousands digit of 630080?
0
What is the thousands digit of 119969?
9
What is the hundreds digit of 436199?
1
What is the millions digit of 36465350?
6
What is the units digit of 732150?
0
What is the tens digit of 685224?
2
What is the units digit of 266254?
4
What is the millions digit of 3556293?
3
What is the ten thousands digit of 236527?
3
What is the hundred thousands digit of 12549892?
5
What is the hundreds digit of 29080?
0
What is the tens digit of 35408941?
4
What is the units digit of 11361406?
6
What is the tens digit of 34641476?
7
What is the thousands digit of 6134296?
4
What is the hundreds digit of 115390?
3
What is the thousands digit of 1505635?
5
What is the ten thousands digit of 18473344?
7
What is the ten thousands digit of 265970?
6
What is the hundred thousands digit of 1142287?
1
What is the tens digit of 438853?
5
What is the millions digit of 28768124?
8
What is the hundreds digit of 553454?
4
What is the hundreds digit of 107804?
8
What is the units digit of 1475547?
7
What is the hundreds digit of 13241629?
6
What is the thousands digit of 1095127?
5
What is the hundreds digit of 13790148?
1
What is the units digit of 984998?
8
What is the hundreds digit of 12243417?
4
What is the ten thousands digit of 5150256?
5
What is the units digit of 1260460?
0
What is the ten thousands digit of 512217?
1
What is the tens digit of 4573379?
7
What is the hundred thousands digit of 16794317?
7
What is the tens digit of 331163?
6
What is the thousands digit of 799529?
9
What is the ten thousands digit of 1785729?
8
What is the tens digit of 361589?
8
What is the hundred thousands digit of 577111?
5
What is the hundred thousands digit of 2145273?
1
What is the thousands digit of 95845?
5
What is the hundred thousands digit of 15630093?
6
What is the hundreds digit of 3649042?
0
What is the hundreds digit of 239794?
7
What is the hundreds digit of 10241295?
2
What is the ten thousands digit of 31528?
3
What is the hundred thousands digit of 38488489?
4
What is the units digit of 916165?
5
What is the tens digit of 56808?
0
What is the thousands digit of 147892?
7
What is the hundred thousands digit of 907948?
9
What is the hundred thousands digit of 3984338?
9
What is the millions digit of 4720637?
4
What is the thousands digit of 1839887?
9
What is the hundreds digit of 2714039?
0
What is the tens digit of 341314?
1
What is the hundred thousands digit of 13230703?
2
What is the thousands digit of 7973922?
3
What is the tens digit of 1187642?
4
What is the hundred thousands digit of 10081031?
0
What is the millions digit of 3919876?
3
What is the hundred thousands digit of 1298948?
2
What is the thousands digit of 9121681?
1
What is the hundreds digit of 9924253?
2
What is the units digit of 206309?
9
What is the ten thousands digit of 190894?
9
What is the millions digit of 9108490?
9
What is the hundreds digit of 3495653?
6
What is the millions digit of 1885982?
1
What is the ten thousands digit of 361018?
6
What is the hundred thousands digit of 205581?
2
What is the hundreds digit of 514202?
2
What is the ten thousands digit of 578539?
7
What is the thousands digit of 91301?
1
What is the units digit of 654429?
9
What is the tens digit of 67277?
7
What is the hundred thousands digit of 16893207?
8
What is the ten thousands digit of 25962876?
6
What is the thousands digit of 1465348?
5
What is the ten thousands digit of 127